{"id":74,"date":"2018-03-19T12:37:35","date_gmt":"2018-03-19T12:37:35","guid":{"rendered":"http:\/\/localhost\/torola\/?page_id=74"},"modified":"2022-10-07T10:38:21","modified_gmt":"2022-10-07T08:38:21","slug":"about-me","status":"publish","type":"page","link":"https:\/\/www.gyomh.fr\/index.php\/about-me\/","title":{"rendered":"About Me"},"content":{"rendered":"<p>[vc_row][vc_column]<section class=\"hero-min-fullscreen flex-center py-8 px-5\">\r\n\r\n    \t\t\t<div class=\"container p-0\">\r\n    \t\t\t\t<div class=\"row no-gutters flex-center\">\r\n\r\n    \t\t\t\t\t<div class=\"col-md-6 align-self-start\" data-animation=\"fade-in-left 1s .2s\"><img decoding=\"async\" src=\"https:\/\/www.gyomh.fr\/wp-content\/uploads\/2018\/12\/Gyomh_Avatar-Or_Normes.png\" class=\"radius-1 shadow-1\" alt=\"About Me\" \/><\/div>\r\n\r\n    \t\t\t\t\t<div class=\"col-md-6 px-0 px-md-5 px-lg-7\" data-animation=\"fade-in-left 1s .4s\">\r\n    \t\t\t\t\t\t<p class=\"small bold mb-5\">BONJOUR<\/p>\r\n    \t\t\t\t\t\t<h2 class=\"bold\">JE SUIS GYOMH, DIGITAL ARTIST.<\/h2>\r\n    \t\t\t\t\t\t<hr class=\"separator-left\">\r\n    \t\t\t\t\t\t<p><\/p>\r\n\r\n    \t\t\t\t\t\t<p class=\"small serif text-links mt-5\"><a href=\"#\" target=\"_blank\">Behance<\/a><a href=\"#\" target=\"_blank\">Instagram<\/a><a href=\"#\" target=\"_blank\">Email<\/a><\/p><a href=\"https:\/\/www.gyomh.fr\/index.php\/contact-me\/\" class=\"button style-6 uppercase mt-7\">me Contacter<\/a><\/div>\r\n\r\n    \t\t\t\t<\/div>\r\n    \t\t\t<\/div>\r\n    \t\t<\/section>[vc_column_text]<\/p>\n\r\n<div id=\"sb_instagram\"  class=\"sbi sbi_mob_col_1 sbi_tab_col_2 sbi_col_4 sbi_width_resp\" style=\"padding-bottom: 10px;\" data-feedid=\"*1\"  data-res=\"auto\" data-cols=\"4\" data-colsmobile=\"1\" data-colstablet=\"2\" data-num=\"20\" data-nummobile=\"20\" data-shortcode-atts=\"{&quot;feed&quot;:&quot;1&quot;}\"  data-postid=\"74\" data-locatornonce=\"882e08b676\" data-sbi-flags=\"favorLocal\">\r\n\t\r\n    <div id=\"sbi_images\"  style=\"padding: 5px;\">\r\n\t\t    <\/div>\r\n\r\n\t<div id=\"sbi_load\" >\r\n\r\n\t\r\n\t\t\t<span class=\"sbi_follow_btn sbi_custom\">\r\n        <a href=\"https:\/\/www.instagram.com\/17841401454043237\/\" style=\"background: rgb(64,139,209);\" target=\"_blank\" rel=\"nofollow noopener\">\r\n            <svg class=\"svg-inline--fa fa-instagram fa-w-14\" aria-hidden=\"true\" data-fa-processed=\"\" aria-label=\"Instagram\" data-prefix=\"fab\" data-icon=\"instagram\" role=\"img\" viewBox=\"0 0 448 512\">\n\t                <path fill=\"currentColor\" d=\"M224.1 141c-63.6 0-114.9 51.3-114.9 114.9s51.3 114.9 114.9 114.9S339 319.5 339 255.9 287.7 141 224.1 141zm0 189.6c-41.1 0-74.7-33.5-74.7-74.7s33.5-74.7 74.7-74.7 74.7 33.5 74.7 74.7-33.6 74.7-74.7 74.7zm146.4-194.3c0 14.9-12 26.8-26.8 26.8-14.9 0-26.8-12-26.8-26.8s12-26.8 26.8-26.8 26.8 12 26.8 26.8zm76.1 27.2c-1.7-35.9-9.9-67.7-36.2-93.9-26.2-26.2-58-34.4-93.9-36.2-37-2.1-147.9-2.1-184.9 0-35.8 1.7-67.6 9.9-93.9 36.1s-34.4 58-36.2 93.9c-2.1 37-2.1 147.9 0 184.9 1.7 35.9 9.9 67.7 36.2 93.9s58 34.4 93.9 36.2c37 2.1 147.9 2.1 184.9 0 35.9-1.7 67.7-9.9 93.9-36.2 26.2-26.2 34.4-58 36.2-93.9 2.1-37 2.1-147.8 0-184.8zM398.8 388c-7.8 19.6-22.9 34.7-42.6 42.6-29.5 11.7-99.5 9-132.1 9s-102.7 2.6-132.1-9c-19.6-7.8-34.7-22.9-42.6-42.6-11.7-29.5-9-99.5-9-132.1s-2.6-102.7 9-132.1c7.8-19.6 22.9-34.7 42.6-42.6 29.5-11.7 99.5-9 132.1-9s102.7-2.6 132.1 9c19.6 7.8 34.7 22.9 42.6 42.6 11.7 29.5 9 99.5 9 132.1s2.7 102.7-9 132.1z\"><\/path>\n\t            <\/svg>            <span>Suivre sur Instagram<\/span>\r\n        <\/a>\r\n    <\/span>\r\n\t\r\n<\/div>\r\n\r\n\t    <span class=\"sbi_resized_image_data\" data-feed-id=\"*1\" data-resized=\"[]\">\n\t<\/span>\n\t<\/div>\r\n\r\n\n<h4>REFERENCES<\/h4>\n<p>SAYAG JAZZ MACHINE<br \/>\nCOLLECTIF OR NORMES<br \/>\nART PARK PRODUCTIONS<br \/>\nJACQUES COUTURIER ORGANISATION<br \/>\nAMP INTERACTIVE<br \/>\nLCI<br \/>\nL\u2019OREAL<br \/>\nLA VILLETTE<br \/>\nCOTTIN PARIS<br \/>\nCHOPARD<br \/>\nMAKE UP FOREVER<br \/>\nJAC\u2019IDEA<br \/>\nALTAI CONSULTING<br \/>\nAEROPORT DE PARIS<br \/>\nALVIK<br \/>\nCIE SPUTNIK<br \/>\nCIE MALABAR<br \/>\nCIE PIPOTOTAL<br \/>\nBIG BAND<\/p>\n<h4>Projets\/Projects :<\/h4>\n<p>pi\u00e8ce de th\u00e9\u00e2tre \u2018<strong>Albatros<\/strong>\u2018 (Direction Artistique, Animation, compositing, projection) \u2013 Albatros de Fabrice Melquiot \/ <strong>Collectif Or Normes<\/strong><br \/>\nspectacle \u2018<strong>Pierrot le Feu<\/strong>\u2018 (Assistant-r\u00e9al, compositing, \u00e9talonnage) \u2013 <strong>La F\u00eate des Lumi\u00e8res de Lyon 2013<\/strong> \/ JCO<br \/>\nprojet \u2018<strong>Mecanik de Papier<\/strong>\u2018 spectacle in-situ de la <strong>Cie Sputnik<\/strong> (cr\u00e9ation vid\u00e9o, projection)<br \/>\n\u2018Qualit\u00e9 Fran\u00e7aise\u2018 Court-m\u00e9trage de Cl\u00e9ment Tuffreau (vfx, \u00e9talonnage) \u2013 Art Park production<br \/>\nspot publicitaire pour Cotin Paris (vfx) \u2013 Art Park production<br \/>\nspot publicitaire pour Chopard (vfx)\u2013 Art Park production<br \/>\nCr\u00e9ations vid\u00e9os pour le groupe Alvik (vjing)<br \/>\nAlvik \u2018Final Next\u2019 clip de Gyomh (r\u00e9alisation, montage, compositing) \u2013 Alvik<br \/>\nVid\u00e9o interactive pour l\u2019exposition \u2018Les Gaulois\u2018 (animation, compositing) \u2013 La Villette \/ Big Band<br \/>\nMapping Vid\u00e9o pour le spectacle \u2018Le Petit Prince\u2018 \u00e0 la D\u00e9fense (animation, compositing) \u2013 Defacto \/ JCO<br \/>\nCellule X \u2018Biz Must Go On\u2018 clip de MYOP (co-r\u00e9alisation, compositing) \u2013 production FZM\/Wagram<br \/>\n\u2018Sodium Babies\u2018 Long m\u00e9trage des Deka Brothers (compositing) \u2013 Big Screen \/ Cartel Productions<br \/>\n\u2018U la licorne\u2018 long-m\u00e9trage (compositing) \u2013 2D3D Animation<br \/>\n\u2018Toteninsel\u2018 court-m\u00e9trage de Gyomh (r\u00e9alisation, montage, vfx, \u00e9talonnage) \u2013 Art Park production<br \/>\nspectacle \u2018Dawson\u2018 (cr\u00e9ation vid\u00e9o, animation, compositing)- Coupd\u2019marron<br \/>\n\u2018Dog Trip II\u2018 Court-m\u00e9trage de Tony T. Datis (compositing, vfx)[\/vc_column_text][\/vc_column][\/vc_row]<\/p>\n","protected":false},"excerpt":{"rendered":"<p>[vc_row][vc_column][vc_column_text] REFERENCES SAYAG JAZZ MACHINE COLLECTIF OR NORMES ART PARK PRODUCTIONS JACQUES COUTURIER ORGANISATION AMP INTERACTIVE LCI L\u2019OREAL LA VILLETTE COTTIN PARIS CHOPARD MAKE UP FOREVER JAC\u2019IDEA ALTAI CONSULTING AEROPORT DE PARIS ALVIK CIE SPUTNIK CIE MALABAR CIE PIPOTOTAL BIG BAND Projets\/Projects : pi\u00e8ce de th\u00e9\u00e2tre \u2018Albatros\u2018 (Direction Artistique, Animation, compositing, projection) \u2013 Albatros de [&hellip;]<\/p>\n","protected":false},"author":1,"featured_media":0,"parent":0,"menu_order":0,"comment_status":"closed","ping_status":"closed","template":"template-normal.php","meta":{"footnotes":""},"_links":{"self":[{"href":"https:\/\/www.gyomh.fr\/index.php\/wp-json\/wp\/v2\/pages\/74"}],"collection":[{"href":"https:\/\/www.gyomh.fr\/index.php\/wp-json\/wp\/v2\/pages"}],"about":[{"href":"https:\/\/www.gyomh.fr\/index.php\/wp-json\/wp\/v2\/types\/page"}],"author":[{"embeddable":true,"href":"https:\/\/www.gyomh.fr\/index.php\/wp-json\/wp\/v2\/users\/1"}],"replies":[{"embeddable":true,"href":"https:\/\/www.gyomh.fr\/index.php\/wp-json\/wp\/v2\/comments?post=74"}],"version-history":[{"count":3,"href":"https:\/\/www.gyomh.fr\/index.php\/wp-json\/wp\/v2\/pages\/74\/revisions"}],"predecessor-version":[{"id":29717,"href":"https:\/\/www.gyomh.fr\/index.php\/wp-json\/wp\/v2\/pages\/74\/revisions\/29717"}],"wp:attachment":[{"href":"https:\/\/www.gyomh.fr\/index.php\/wp-json\/wp\/v2\/media?parent=74"}],"curies":[{"name":"wp","href":"https:\/\/api.w.org\/{rel}","templated":true}]}}